{"id":50,"date":"2023-06-20T00:53:21","date_gmt":"2023-06-20T00:53:21","guid":{"rendered":"https:\/\/hlinsercom.com.mx\/wordpress\/?page_id=50"},"modified":"2023-06-20T22:07:18","modified_gmt":"2023-06-20T22:07:18","slug":"inicio","status":"publish","type":"page","link":"https:\/\/hlinsercom.com.mx\/","title":{"rendered":"Inicio"},"content":{"rendered":"\r\n<div class=\"wp-block-cover alignfull has-white-background-color has-background-dim hestia-clear-top-padding\">\r\n<div class=\"wp-block-cover__inner-container is-layout-flow wp-block-cover-is-layout-flow\">\r\n<pre class=\"tw-data-text tw-text-large tw-ta\" data-placeholder=\"Traducci\u00f3n\" id=\"tw-target-text\" dir=\"ltr\"><span class=\"Y2IQFc\" lang=\"es\" style=\"font-size: 24pt;\">Quienes Somos<\/span><\/pre>\r\n\r\n\r\n\r\n<div style=\"height: 40px;\" aria-hidden=\"true\" class=\"wp-block-spacer\"><\/div>\r\n\r\n\r\n\r\n<div class=\"wp-block-columns container is-layout-flex wp-container-core-columns-is-layout-28f84493 wp-block-columns-is-layout-flex\">\r\n<div class=\"wp-block-column is-layout-flow wp-block-column-is-layout-flow\">\r\n<div class=\"wp-block-image\">\r\n<figure class=\"aligncenter size-large\"><img decoding=\"async\" src=\"https:\/\/hlinsercom.com.mx\/wp-content\/themes\/hestia\/assets\/img\/feat1.png\" alt=\"\" class=\"wp-image-70\" \/><\/figure>\r\n<\/div>\r\n\r\n\r\n\r\n<h5 class=\"has-text-align-center has-text-color wp-block-heading\" style=\"color: #3c4858; font-size: 18px;\">Responsabilidad y Compromiso<\/h5>\r\n\r\n\r\n\r\n<p class=\"has-text-align-center has-text-color\" style=\"color: #999999; font-size: 14px;\">Somos Una Empresa Responsable. dando Soluciones y Soporte En Reparaci\u00f3n de Equipo de Computo.\u00a0<\/p>\r\n\r\n\r\n\r\n<div style=\"height: 25px;\" aria-hidden=\"true\" class=\"wp-block-spacer\"><\/div>\r\n<\/div>\r\n\r\n\r\n\r\n<div class=\"wp-block-column is-layout-flow wp-block-column-is-layout-flow\">\r\n<div class=\"wp-block-image\">\r\n<figure class=\"aligncenter size-large\"><img decoding=\"async\" src=\"https:\/\/hlinsercom.com.mx\/wp-content\/themes\/hestia\/assets\/img\/feat2.png\" alt=\"\" class=\"wp-image-71\" \/><\/figure>\r\n<\/div>\r\n\r\n\r\n\r\n<h5 class=\"has-text-align-center has-text-color wp-block-heading\" style=\"color: #3c4858; font-size: 18px;\">Calidad y Atenci\u00f3n<\/h5>\r\n\r\n\r\n\r\n<p class=\"has-text-align-center has-text-color\" style=\"color: #999999; font-size: 14px;\">Garant\u00eda y Calidad en nuestra Atenci\u00f3n A clientes. presencial, Telef\u00f3nica O en Linea<\/p>\r\n<\/div>\r\n\r\n\r\n\r\n<div class=\"wp-block-column is-layout-flow wp-block-column-is-layout-flow\">\r\n<div class=\"wp-block-image\">\r\n<figure class=\"aligncenter size-large\"><img decoding=\"async\" src=\"https:\/\/hlinsercom.com.mx\/wp-content\/themes\/hestia\/assets\/img\/feat3.png\" alt=\"\" class=\"wp-image-72\" \/><\/figure>\r\n<\/div>\r\n\r\n\r\n\r\n<h5 class=\"has-text-align-center has-text-color wp-block-heading\" style=\"color: #3c4858; font-size: 18px;\">Soporte T\u00e9cnico<\/h5>\r\n\r\n\r\n\r\n<p class=\"has-text-align-center has-text-color\" style=\"color: #999999; font-size: 14px;\">Soporte T\u00e9cnico a Domicilio Para La Reparaci\u00f3n de su Equipo de Computo<\/p>\r\n<\/div>\r\n<\/div>\r\n\r\n\r\n\r\n<div style=\"height: 40px;\" aria-hidden=\"true\" class=\"wp-block-spacer\"><\/div>\r\n<\/div>\r\n<\/div>\r\n\r\n\r\n\r\n<div class=\"wp-block-columns container is-layout-flex wp-container-core-columns-is-layout-28f84493 wp-block-columns-is-layout-flex\">\r\n<div class=\"wp-block-column col-md-5 is-layout-flow wp-block-column-is-layout-flow\">\r\n<div style=\"height: 55px;\" aria-hidden=\"true\" class=\"wp-block-spacer\"><\/div>\r\n\r\n\r\n\r\n<h2 class=\"wp-block-heading\">Acerca de HL Insercom<\/h2>\r\n\r\n\r\n\r\n<p>Somos Una Empresa Fundada de mas de 20 a\u00f1os en el Ramo de la Computaci\u00f3n<\/p>\r\n<\/div>\r\n<div class=\"wp-block-column col-md-6 col-md-offset1\">\r\n\r\n\r\n<figure class=\"wp-block-image size-large\"><img loading=\"lazy\" decoding=\"async\" src=\"https:\/\/hlinsercom.com.mx\/wp-content\/uploads\/2023\/06\/Computadoras1-300x245.png\" alt=\"\" class=\"alignnone wp-image-98 size-medium\" width=\"300\" height=\"245\" srcset=\"https:\/\/hlinsercom.com.mx\/wp-content\/uploads\/2023\/06\/Computadoras1-300x245.png 300w, https:\/\/hlinsercom.com.mx\/wp-content\/uploads\/2023\/06\/Computadoras1.png 400w\" sizes=\"auto, (max-width: 300px) 100vw, 300px\" \/><\/figure>\r\n\r\n\r\n\r\n<p>&nbsp;<\/p>\r\n<\/div>\r\n<\/div>\r\n","protected":false},"excerpt":{"rendered":"<p>Acerca de HL Insercom Somos Una Empresa Fundada de mas de 20 a\u00f1os en el Ramo de la Computaci\u00f3n &nbsp;<\/p>\n","protected":false},"author":1,"featured_media":87,"parent":0,"menu_order":0,"comment_status":"closed","ping_status":"closed","template":"","meta":{"footnotes":""},"class_list":["post-50","page","type-page","status-publish","has-post-thumbnail","hentry"],"yoast_head":"<!-- This site is optimized with the Yoast SEO plugin v25.5 - https:\/\/yoast.com\/wordpress\/plugins\/seo\/ -->\n<title>Inicio - INSERCOM<\/title>\n<meta name=\"robots\" content=\"index, follow, max-snippet:-1, max-image-preview:large, max-video-preview:-1\" \/>\n<link rel=\"canonical\" href=\"https:\/\/hlinsercom.com.mx\/\" \/>\n<meta property=\"og:locale\" content=\"es_ES\" \/>\n<meta property=\"og:type\" content=\"article\" \/>\n<meta property=\"og:title\" content=\"Inicio - INSERCOM\" \/>\n<meta property=\"og:description\" content=\"Acerca de HL Insercom Somos Una Empresa Fundada de mas de 20 a\u00f1os en el Ramo de la Computaci\u00f3n &nbsp;\" \/>\n<meta property=\"og:url\" content=\"https:\/\/hlinsercom.com.mx\/\" \/>\n<meta property=\"og:site_name\" content=\"INSERCOM\" \/>\n<meta property=\"article:modified_time\" content=\"2023-06-20T22:07:18+00:00\" \/>\n<meta property=\"og:image\" content=\"https:\/\/hlinsercom.com.mx\/wp-content\/uploads\/2023\/06\/Captura2.jpg\" \/>\n\t<meta property=\"og:image:width\" content=\"612\" \/>\n\t<meta property=\"og:image:height\" content=\"310\" \/>\n\t<meta property=\"og:image:type\" content=\"image\/jpeg\" \/>\n<meta name=\"twitter:card\" content=\"summary_large_image\" \/>\n<meta name=\"twitter:label1\" content=\"Tiempo de lectura\" \/>\n\t<meta name=\"twitter:data1\" content=\"2 minutos\" \/>\n<script type=\"application\/ld+json\" class=\"yoast-schema-graph\">{\"@context\":\"https:\/\/schema.org\",\"@graph\":[{\"@type\":\"WebPage\",\"@id\":\"https:\/\/hlinsercom.com.mx\/\",\"url\":\"https:\/\/hlinsercom.com.mx\/\",\"name\":\"Inicio - INSERCOM\",\"isPartOf\":{\"@id\":\"https:\/\/hlinsercom.com.mx\/#website\"},\"primaryImageOfPage\":{\"@id\":\"https:\/\/hlinsercom.com.mx\/#primaryimage\"},\"image\":{\"@id\":\"https:\/\/hlinsercom.com.mx\/#primaryimage\"},\"thumbnailUrl\":\"https:\/\/hlinsercom.com.mx\/wp-content\/uploads\/2023\/06\/Captura2.jpg\",\"datePublished\":\"2023-06-20T00:53:21+00:00\",\"dateModified\":\"2023-06-20T22:07:18+00:00\",\"breadcrumb\":{\"@id\":\"https:\/\/hlinsercom.com.mx\/#breadcrumb\"},\"inLanguage\":\"es\",\"potentialAction\":[{\"@type\":\"ReadAction\",\"target\":[\"https:\/\/hlinsercom.com.mx\/\"]}]},{\"@type\":\"ImageObject\",\"inLanguage\":\"es\",\"@id\":\"https:\/\/hlinsercom.com.mx\/#primaryimage\",\"url\":\"https:\/\/hlinsercom.com.mx\/wp-content\/uploads\/2023\/06\/Captura2.jpg\",\"contentUrl\":\"https:\/\/hlinsercom.com.mx\/wp-content\/uploads\/2023\/06\/Captura2.jpg\",\"width\":612,\"height\":310},{\"@type\":\"BreadcrumbList\",\"@id\":\"https:\/\/hlinsercom.com.mx\/#breadcrumb\",\"itemListElement\":[{\"@type\":\"ListItem\",\"position\":1,\"name\":\"Portada\",\"item\":\"https:\/\/hlinsercom.com.mx\/\"},{\"@type\":\"ListItem\",\"position\":2,\"name\":\"Inicio\"}]},{\"@type\":\"WebSite\",\"@id\":\"https:\/\/hlinsercom.com.mx\/#website\",\"url\":\"https:\/\/hlinsercom.com.mx\/\",\"name\":\"INSERCOM\",\"description\":\"\",\"publisher\":{\"@id\":\"https:\/\/hlinsercom.com.mx\/#organization\"},\"potentialAction\":[{\"@type\":\"SearchAction\",\"target\":{\"@type\":\"EntryPoint\",\"urlTemplate\":\"https:\/\/hlinsercom.com.mx\/?s={search_term_string}\"},\"query-input\":{\"@type\":\"PropertyValueSpecification\",\"valueRequired\":true,\"valueName\":\"search_term_string\"}}],\"inLanguage\":\"es\"},{\"@type\":\"Organization\",\"@id\":\"https:\/\/hlinsercom.com.mx\/#organization\",\"name\":\"INSERCOM\",\"url\":\"https:\/\/hlinsercom.com.mx\/\",\"logo\":{\"@type\":\"ImageObject\",\"inLanguage\":\"es\",\"@id\":\"https:\/\/hlinsercom.com.mx\/#\/schema\/logo\/image\/\",\"url\":\"https:\/\/hlinsercom.com.mx\/wp-content\/uploads\/2023\/06\/cropped-cropped-insercom-1.jpg\",\"contentUrl\":\"https:\/\/hlinsercom.com.mx\/wp-content\/uploads\/2023\/06\/cropped-cropped-insercom-1.jpg\",\"width\":601,\"height\":285,\"caption\":\"INSERCOM\"},\"image\":{\"@id\":\"https:\/\/hlinsercom.com.mx\/#\/schema\/logo\/image\/\"}}]}<\/script>\n<!-- \/ Yoast SEO plugin. -->","yoast_head_json":{"title":"Inicio - INSERCOM","robots":{"index":"index","follow":"follow","max-snippet":"max-snippet:-1","max-image-preview":"max-image-preview:large","max-video-preview":"max-video-preview:-1"},"canonical":"https:\/\/hlinsercom.com.mx\/","og_locale":"es_ES","og_type":"article","og_title":"Inicio - INSERCOM","og_description":"Acerca de HL Insercom Somos Una Empresa Fundada de mas de 20 a\u00f1os en el Ramo de la Computaci\u00f3n &nbsp;","og_url":"https:\/\/hlinsercom.com.mx\/","og_site_name":"INSERCOM","article_modified_time":"2023-06-20T22:07:18+00:00","og_image":[{"width":612,"height":310,"url":"https:\/\/hlinsercom.com.mx\/wp-content\/uploads\/2023\/06\/Captura2.jpg","type":"image\/jpeg"}],"twitter_card":"summary_large_image","twitter_misc":{"Tiempo de lectura":"2 minutos"},"schema":{"@context":"https:\/\/schema.org","@graph":[{"@type":"WebPage","@id":"https:\/\/hlinsercom.com.mx\/","url":"https:\/\/hlinsercom.com.mx\/","name":"Inicio - INSERCOM","isPartOf":{"@id":"https:\/\/hlinsercom.com.mx\/#website"},"primaryImageOfPage":{"@id":"https:\/\/hlinsercom.com.mx\/#primaryimage"},"image":{"@id":"https:\/\/hlinsercom.com.mx\/#primaryimage"},"thumbnailUrl":"https:\/\/hlinsercom.com.mx\/wp-content\/uploads\/2023\/06\/Captura2.jpg","datePublished":"2023-06-20T00:53:21+00:00","dateModified":"2023-06-20T22:07:18+00:00","breadcrumb":{"@id":"https:\/\/hlinsercom.com.mx\/#breadcrumb"},"inLanguage":"es","potentialAction":[{"@type":"ReadAction","target":["https:\/\/hlinsercom.com.mx\/"]}]},{"@type":"ImageObject","inLanguage":"es","@id":"https:\/\/hlinsercom.com.mx\/#primaryimage","url":"https:\/\/hlinsercom.com.mx\/wp-content\/uploads\/2023\/06\/Captura2.jpg","contentUrl":"https:\/\/hlinsercom.com.mx\/wp-content\/uploads\/2023\/06\/Captura2.jpg","width":612,"height":310},{"@type":"BreadcrumbList","@id":"https:\/\/hlinsercom.com.mx\/#breadcrumb","itemListElement":[{"@type":"ListItem","position":1,"name":"Portada","item":"https:\/\/hlinsercom.com.mx\/"},{"@type":"ListItem","position":2,"name":"Inicio"}]},{"@type":"WebSite","@id":"https:\/\/hlinsercom.com.mx\/#website","url":"https:\/\/hlinsercom.com.mx\/","name":"INSERCOM","description":"","publisher":{"@id":"https:\/\/hlinsercom.com.mx\/#organization"},"potentialAction":[{"@type":"SearchAction","target":{"@type":"EntryPoint","urlTemplate":"https:\/\/hlinsercom.com.mx\/?s={search_term_string}"},"query-input":{"@type":"PropertyValueSpecification","valueRequired":true,"valueName":"search_term_string"}}],"inLanguage":"es"},{"@type":"Organization","@id":"https:\/\/hlinsercom.com.mx\/#organization","name":"INSERCOM","url":"https:\/\/hlinsercom.com.mx\/","logo":{"@type":"ImageObject","inLanguage":"es","@id":"https:\/\/hlinsercom.com.mx\/#\/schema\/logo\/image\/","url":"https:\/\/hlinsercom.com.mx\/wp-content\/uploads\/2023\/06\/cropped-cropped-insercom-1.jpg","contentUrl":"https:\/\/hlinsercom.com.mx\/wp-content\/uploads\/2023\/06\/cropped-cropped-insercom-1.jpg","width":601,"height":285,"caption":"INSERCOM"},"image":{"@id":"https:\/\/hlinsercom.com.mx\/#\/schema\/logo\/image\/"}}]}},"_links":{"self":[{"href":"https:\/\/hlinsercom.com.mx\/index.php?rest_route=\/wp\/v2\/pages\/50","targetHints":{"allow":["GET"]}}],"collection":[{"href":"https:\/\/hlinsercom.com.mx\/index.php?rest_route=\/wp\/v2\/pages"}],"about":[{"href":"https:\/\/hlinsercom.com.mx\/index.php?rest_route=\/wp\/v2\/types\/page"}],"author":[{"embeddable":true,"href":"https:\/\/hlinsercom.com.mx\/index.php?rest_route=\/wp\/v2\/users\/1"}],"replies":[{"embeddable":true,"href":"https:\/\/hlinsercom.com.mx\/index.php?rest_route=%2Fwp%2Fv2%2Fcomments&post=50"}],"version-history":[{"count":12,"href":"https:\/\/hlinsercom.com.mx\/index.php?rest_route=\/wp\/v2\/pages\/50\/revisions"}],"predecessor-version":[{"id":99,"href":"https:\/\/hlinsercom.com.mx\/index.php?rest_route=\/wp\/v2\/pages\/50\/revisions\/99"}],"wp:featuredmedia":[{"embeddable":true,"href":"https:\/\/hlinsercom.com.mx\/index.php?rest_route=\/wp\/v2\/media\/87"}],"wp:attachment":[{"href":"https:\/\/hlinsercom.com.mx\/index.php?rest_route=%2Fwp%2Fv2%2Fmedia&parent=50"}],"curies":[{"name":"wp","href":"https:\/\/api.w.org\/{rel}","templated":true}]}}